 0 = -3*o + s - 24, -2*s + 1 = -4*o - 31. Let g(p) be the first derivative of p**3/3 + 7*p**2/2 - 10*p - 707. Give g(o).
-2
Let m(o) = 2*o**2 - 6*o + 5. Let p be m(3). Let l be 4/(-2) + -1 + p. Let x(i) = 8*i**l - i - 3 + 5 - 3. What is x(-1)?
8
Let k(p) = p + 3 + 0 + 0*p. Let i(j) = -2*j**3 - j**2 + 7*j + 3. Let c be i(2). Give k(c).
0
Let q(z) = z**3 - 16*z**2 + z - 6. Suppose -2*u + 46 = -2*c + 6, u + 4*c = 0. Calculate q(u).
10
Let g(r) be the second derivative of -r + r**3 - 1/20*r**5 + 7/2*r**2 + 1/2*r**4 + 0. Suppose 3*b - 16 - 5 = 0. What is g(b)?
0
Let l be -1 - (12/3 - 0). Let t(h) = -h**2 - 4*h - 1. Let b be t(l). Let q(u) = -10*u**2 + 16*u**2 + 3 - 5*u**2 + 5*u. What is q(b)?
9
Let n = -12 - -20. Let p be 48/9 + n/12. Let i(f) be the second derivative of f**5/20 - f**4/2 - f**3/2 + 9*f**2/2 + 11*f. Determine i(p).
-9
Suppose 5 - 4 = g. Suppose g = 3*d + 7. Let b(j) = j**2 + 3 - 4*j**2 - 1 - 2*j. Give b(d).
-6
Let x(o) = -o**2 - 2*o - 2. Suppose 4*y - 123 = h - 0*h, 0 = -4*y - 3*h + 143. Let t = 35 - y. Give x(t).
-17
Let f(m) = -2*m + 1. Suppose -3*w = 2*s + 7, s + w - 16 = 4*s. Let i = s + 8. Give f(i).
-5
Let d(a) = -6*a + 44. Let v be d(7). Suppose 5*p - 13 = 2*p - 4*f, 0 = -v*p + f + 5. Let l(b) = 2*b - 1. Give l(p).
5
Suppose -4*p = -a - 14, 2 + 2 = -2*a + 2*p. Let z(k) be the second derivative of -1/6*k**4 - 1/2*k**2 - 4*k - 1/6*k**3 + 0. What is z(a)?
-11
Suppose -5*u + 12 + 8 = 0. Let g(i) = -2*i**2 - 1 - i**2 - 650*i**3 - 5*i + 324*i**3 + 327*i**3. Give g(u).
-5
Suppose 3 = 3*p - 6. Suppose 4*f = -0*m + 3*m + 20, 5*f = 5*m + 30. Let u(d) = 3 - f*d - 2 + 1. What is u(p)?
-4
Let o(m) be the first derivative of m**4/4 - 8*m**3/3 + 9*m**2/2 - 2*m + 76. Calculate o(6).
-20
Let b(d) = d - 3. Let w be b(5). Let z(g) = 3*g - w*g - 3*g - 7. Suppose -36 = 7*x - 1. Calculate z(x).
3
Let s(l) be the second derivative of -l**8/6720 + l**7/630 - l**6/360 + l**5/60 + 13*l**4/12 + 13*l. Let x(q) be the third derivative of s(q). Calculate x(3).
5
Let p = -17/15 + 22/15. Let f(n) be the second derivative of 1/3*n**3 - 6*n + p*n**4 + 1/20*n**5 + 0 + 0*n**2. Calculate f(-3).
3
Let s(x) = -3*x**3 + 24*x**2 + 16*x - 69. Let o(c) = 4*c**3 - 36*c**2 - 24*c + 102. Let v(f) = 5*o(f) + 7*s(f). What is v(-11)?
-6
Suppose -5*k = -69 - 21. Suppose 5*a = 4*s - 3*s + 12, s + 5*a - k = 0. Let j(q) = -s*q + q - 5*q + 6*q. What is j(0)?
0
Let i(k) be the third derivative of 8*k**2 + 0*k**3 + 1/720*k**6 - 1/6*k**4 - 1/30*k**5 + 0 + 0*k. Let d(b) be the second derivative of i(b). What is d(-4)?
-8
Let d(k) be the first derivative of -k**5/60 + 7*k**4/24 - 7*k**2/2 + 15. Let o(p) be the second derivative of d(p). Calculate o(6).
6
Let x(b) be the first derivative of 3*b + 8*b**2 - 6 - 8*b**2 + b**2. What is x(-6)?
-9
Let z(b) = 29 - 7 - 14*b + 11*b - b**2 + 16*b. Let q be z(15). Let d(u) = u**2 + 6*u - 8. What is d(q)?
8
Let j(k) = -k**3 + k. Let a(x) = -5*x**3 + 2*x**2 + 6*x + 2. Let u = 52 - 58. Let q(b) = u*j(b) + a(b). Determine q(-3).
-7
Let x = 40 - 41. Let y(j) be the first derivative of -j**4/4 - j - 5. Calculate y(x).
0
Let j be -13 - 1 - (-1 + -1). Let f = -9 - j. Let v(q) = -9*q + 5. Let w(y) = 10*y - 6. Let l(g) = -7*v(g) - 6*w(g). What is l(f)?
10
Let m(a) = 34 - 51*a - 7*a - 35. What is m(1)?
-59
Let i(q) = -19*q**3 + 17*q**2 + 2*q - 13. Let k(x) = 31*x**3 - 29*x**2 - 3*x + 22. Let v(d) = -12*i(d) - 7*k(d). Calculate v(1).
9
Let p(n) be the second derivative of -n**4/12 + n**2/2 - 2*n. Suppose 37*k - 28*k + 27 = 0. Determine p(k).
-8
Let a(i) = 6*i**2 + 3*i - 1. Let v(u) = -5*u**2 - 2*u + 1. Let c(m) = -4*a(m) - 5*v(m). Let l(s) be the first derivative of c(s). Determine l(3).
4
Suppose -3*r = -4*r + 2. Suppose -1 = 3*c + r*n - 0, -n = c. Let k be (c + 6)/(3 + -4). Let d(w) = -w**2 - 5*w + 2. What is d(k)?
2
Let y(u) be the third derivative of -u**8/6720 + u**7/630 + u**6/240 + u**5/20 - 3*u**4/8 + 3*u**2. Let r(w) be the second derivative of y(w). Give r(5).
-4
Let q(w) = 5*w + 11. Let d(x) = -2*x - 1. Let i(u) = 3*d(u) + q(u). What is i(0)?
8
Let u(y) be the first derivative of -y**3/3 + y**2 + 3*y + 2. Let s(i) = i**3 - 9*i**2 - 8*i - 17. Let n be 5/30 - 177/(-18). Let m be s(n). Determine u(m).
0
Let z(w) = 10*w**3 + w**2 + 11*w - 3. Let t(i) = -17*i**3 - 2*i**2 - 27*i + 7. Let n(s) = -2*t(s) - 5*z(s). Calculate n(-1).
17
Let x be (1 - 0)/(0 - (-2 + 3)). Let m be (4/3)/(x/(-3)*-1). Let l(q) = q**2 + 2*q - 3. Give l(m).
5
Let i(k) = k**3 + 3*k**2 - 6*k - 5. Let y be i(-4). Let b(f) = 3 + 3*f**3 + 4*f**2 + f + 1 - 2*f**y. Let n be 0 + 2/3 + 11/(-3). Calculate b(n).
10
Suppose -3*n = -2*j - 2*j - 23, -8 = -3*n + j. Let z(p) = 4*p**2 - p**2 + 3*p**2 - 5*p**2 - 12*p**3. Determine z(n).
-11
Let z(u) = u**3 + 7*u + 0*u**3 - 1 + 8*u**2 + 7*u - 3*u. Let h = -7 + 1. Let a be z(h). Let j(o) = -o**3 + 5*o**2 + o + 1. Determine j(a).
6
Let o(d) be the third derivative of d**4/24 - d**3/3 + 2*d**2. Let m be (-1)/(-2)*(23 - 11). Give o(m).
4
Let g(h) = -h**2 + 6*h - 1. Let s = -130 + 118. Let b be -1 + s/(-4 + (-2 - -4)). Calculate g(b).
4
Let s(h) = -h**2 - 6*h - 1. Let v = -72 - -63. Let y(b) = b**2 + 9*b - 4. Let x be y(v). Determine s(x).
7
Let j(l) be the third derivative of l**5/60 - 7*l**4/24 + 7*l**3/6 - 74*l**2. Let g be 15/6*(3 + -1). What is j(g)?
-3
Let f = -1733 - -1736. Let l(g) be the third derivative of 0 + g**2 + 1/4*g**4 + 0*g - 1/6*g**3. Calculate l(f).
17
Let o(m) be the third derivative of -m**4/12 - 7*m**3/6 + 4*m**2 + 2*m. Calculate o(-10).
13
Let u(i) = i**3 + 3*i**2 - 3*i + 3. Let y = -128 - -124. What is u(y)?
-1
Let u(l) be the third derivative of l**5/60 + l**4/24 - 5*l**3/3 - 41*l**2. What is u(0)?
-10
Let i(m) = m**2 + 13*m - 9. Let n be (64/(-56))/((-22)/(-231)). Calculate i(n).
-21
Let u(o) = 2*o - 2. Let b = 181 + -183. Give u(b).
-6
Let t(j) = j**3 + 11*j**2 - 11*j + 14. Let b(d) = -2*d**2 - 5*d + 13. Let p be b(-5). Give t(p).
2
Let c(f) be the first derivative of f**3/3 - 2*f**2 + 6*f - 199. Give c(4).
6
Suppose y - 35*y = -374. Let w(l) = -2*l + 25. Give w(y).
3
Let p(t) = -t - 2. Let g(i) be the first derivative of i**2/2 - 3. Let k(s) = -6*g(s) - p(s). What is k(-3)?
17
Let y be -1 + -1 + -1*3. Let h(r) = 4*r**2 - 6*r - 7. Let b(j) = -11*j**2 + 15*j + 20. Let z(m) = -3*b(m) - 8*h(m). Give z(y).
6
Suppose -107 = 7*m + 117. Let k = m - -36. Let s(f) = f**3 - 3*f**2 - 4*f - 3. Give s(k).
-3
Let d(r) = -4*r - 3*r**2 + 4 - 1 + r**3 - 1 + 4. Calculate d(4).
6
Let l(h) = -h**2 + 11*h - 23. Let x be l(3). Let i(g) be the first derivative of x + g + 1/2*g**2. What is i(-6)?
-5
Let c(z) be the first derivative of -z**4/4 - 5*z**3/3 + 5*z**2/2 - 4*z - 42. Calculate c(-6).
2
Let a = 2 + 0. Let v(q) be the first derivative of 2*q**2 - 2*q + 271. Calculate v(a).
6
Suppose c = 5*k - 10, 0*k + 16 = -3*k + 5*c. Let h be -4 - ((-2)/3)/(1/k). Let l(z) = z**2 + 4*z + 2. Give l(h).
-2
Let z(r) = r**2 - 9*r - 8. Suppose 3*p - 5*q = -0 + 20, -4*p + 4*q = -32. What is z(p)?
2
Let c(h) = 3*h - 3. Suppose 0 = 2*r + r. Suppose r = 2*z - 3*s - 21, -7*z + 2*z - 3*s = 0. Let n be (-2)/z - 17/(-3). Give c(n).
12
Let c(f) = 3*f - 5. Let t be ((-1)/3)/(-1)*(-11 + 11). Give c(t).
-5
Let v(h) = -2*h**2 + h + 3992 + h**2 - h**3 - 3988. Calculate v(0).
4
Suppose 3*d = -d - 128. Suppose -228 = 21*v - 15*v. Let y = d - v. Let f(k) = -k + 7. What is f(y)?
1
Let v(u) = 4*u**2 + 6*u - 5. Suppose 22*k - 25*k + 3*i = -6, -3*i + 2 = 5*k. Give v(k).
5
Let b(x) = -3 + 3*x - 2 - 7*x**2 + 3 + 9*x**2 - 4*x. Calculate b(2).
4
Let u(y) = -7*y - 1. Let w(v) = v. Let z(q) = u(q) - 2*w(q). Suppose 21 = -t + 5*b, 4*t + 5*b + 0*b - 16 = 0. Give z(t).
8
Let u(h) = h**2 + 3*h - 5. Suppose 7*v = 12*v + 110. Let c = 18 + v. What is u(c)?
-1
Suppose -f - 2*l = -6 - 9, -5*f = -4*l - 5. Suppose -32 = -4*i - 20. Let r(u) = -i - f*u + u - 3. What is r(-4)?
10
Let d(v) = -v**2 + 5*v + 11. Suppose -4*a + 2*p = -22, 5*a + 5*p + 13 = 63. What is d(a)?
-3
Let t(w) = w**3 + 9*w**2 + 7*w - 5. Let b(f) = -f**3 - 11*f**2 - 9*f + 6. Let k(a) = 4*b(a) + 5*t(a). What is k(2)?
9
Suppose -10 = 3*n + 2*k + 6, 0 = n - 4*k + 10. Let x be n + 7 + (3 - -1). Let q(b) = -b**2 + 17*b - 7*b - x*b. Calculate q(5).
0
Suppose -5*i + 3 = -7. Let h(q) be the second derivative of 22*q**3/3 - 12*q**2 - 28*q.